36. Let n = 2 - -9. Suppose -7*p + n*p - 64 = 0. What is the remainder when b is divided by p?
13
Calculate the remainder when (6 - (-3)/((-24)/62))*-4 is divided by (-4)/14 - (-23)/7.
1
Suppose -3*s - 2*x - 3*x = -239, 0 = -2*s + 5*x + 176. Suppose -7*o + s = -939. What is the remainder when o is divided by 37?
35
Let o be 4/(-20)*0 - 30/2. Calculate the remainder when ((-24)/o + -2)*-5 is divided by 2.
0
Let f be 0*((-42)/12 - -3). Let q be (1 - -5) + -2 + 0. Suppose q*r - 36 = -f*r. Calculate the remainder when 25 is divided by r.
7
Let u be (9/15)/((-2)/(-1080)*4). Suppose -u = -4*r + 103. What is the remainder when r is divided by 12?
10
Let v(x) = x**3 + 3*x**2 - 26*x - 2. What is the remainder when v(7) is divided by 14?
12
Let a(x) = -12*x**3 - 1. Suppose 0 = 3*d + 12, 0 = 2*z + 5*d - 6*d - 36. What is the remainder when a(-2) is divided by z?
15
Suppose -r = 4*i - 161 + 39, 2*i - 3*r = 68. What is the remainder when 1145 is divided by i?
29
Suppose -3*q + 90 = -15. Let v(l) = -27*l**3 - 3*l**2 - 2*l - 1. Let d be v(-1). Let z = -16 + d. Calculate the remainder when q is divided by z.
8
Let h(z) = z**3 - 5*z**2 + 2*z - 4. Let p be (2 - 10) + (-3 - -6) - -1. What is the remainder when ((-16)/p + -2)*46/4 is divided by h(5)?
5
Let x = 2277 - 2237. Calculate the remainder when 76 is divided by x.
36
Let h(m) = m**3 - 13*m**2 + 1. Let w be h(13). Let i(f) = 6*f**2 + 5*f - 1. What is the remainder when 18 is divided by i(w)?
8
Suppose 2*p + 12*p = 154. Suppose -3*s = -w - 5, -5*w = -4*s - 0*s - 8. Suppose 105 = w*g - 111. Calculate the remainder when g is divided by p.
10
Let g(d) = 154*d**2. Calculate the remainder when g(-1) is divided by -23 - -20 - (-5 + (-37 - 0)).
37
Let g = -62 + 65. Suppose 2*j = g*j - 107. What is the remainder when j is divided by 22?
19
Let u(k) = 2*k**3 + 11*k**2 + 4*k + 10. Calculate the remainder when 70 is divided by u(-5).
10
Suppose -3*p - 2*p + 40 = 0. Suppose -5*y = -15, -2*z + 10 = 4*y - 2. Suppose b - 30 = 2*x, z = -b - 3*x + 10. What is the remainder when b is divided by p?
6
Suppose -603 = -57*a - 90. What is the remainder when 313 is divided by a?
7
Let g = 6814 + -3189. Calculate the remainder when g is divided by 13.
11
Calculate the remainder when (31 - 59)/(2/(-89)) is divided by 12.
10
Suppose r - 2*l = -r + 302, 5*r = 4*l + 755. What is the remainder when r is divided by 27?
16
Calculate the remainder when (-100 + -3)/((-1)/1) is divided by 48.
7
What is the remainder when 46 is divided by 1/(-2) + (-430)/(-20)?
4
Suppose 0 = 7*l - 190 + 57. Suppose -2*p = -5*p. Calculate the remainder when (22 - p)/((-2)/(-5)) is divided by l.
17
Suppose -20*u = -15*u + 190. Let x = -24 - u. What is the remainder when 52 is divided by x?
10
Let u = 2941 - 2936. Calculate the remainder when 159 is divided by u.
4
Let i(u) = -48*u - 216. What is the remainder when i(-5) is divided by 3/4 - 75/(-12)?
3
Suppose 0 = -7*y + 11*y - 476. Let n(m) = 2*m + 60. Let a(x) = x + 30. Let c(u) = -11*a(u) + 6*n(u). What is the remainder when y is divided by c(-6)?
23
Let w = -1965 + 1980. Calculate the remainder when w is divided by 13.
2
Let u(h) = 5*h + 68. Let d = -16 - -50. Suppose -d = -5*y + 3*a, 0 = y + 2*a + 1. Calculate the remainder when u(-12) is divided by y.
3
Let u = 163 + -154. What is the remainder when 96 is divided by u?
6
Let v be ((-396)/(-48))/((-6)/32). Let q(b) = -7*b - 1. What is the remainder when (-1 - -55)/((-66)/v) is divided by q(-2)?
10
Let m(d) = 5*d**3 - 3*d + 1. Let s = -20 - -79. Let l = s - 41. Calculate the remainder when m(2) is divided by l.
17
Let y = 97 - 124. Let w = 140 + y. Suppose 37 = 5*c - 108. What is the remainder when w is divided by c?
26
Suppose 5*w + 2*c - 32 = -2*c, 2*w = -5*c + 6. What is the remainder when 21 is divided by w + 4 + 0/2?
9
Let v = 600 + -573. Calculate the remainder when 132 is divided by v.
24
Let w = -4 + 7. Let k = 8 - w. Suppose -g + 0 = -k. What is the remainder when 13 is divided by g?
3
Let m(j) = 2*j**2 + 40*j - 61. What is the remainder when m(-25) is divided by 10?
9
Suppose 0 = 3*k - 10*k. Suppose -z + 11 + 8 = k. Calculate the remainder when 55 is divided by z.
17
Suppose 5*j + 175 = 4*w, 5*w - 181 - 44 = 5*j. Let f = 244 - 103. Let v = -115 + f. Calculate the remainder when w is divided by v.
24
Suppose -6*p - 40 = -5*i - p, -2*i + 4*p = -10. Suppose -3*g = -76 - i. Calculate the remainder when 112 is divided by g.
25
Let m = -54 + 60. What is the remainder when 2 + (12/(-5))/(m/(-135)) is divided by 30?
26
Suppose -m + 6*m - 85 = 0. Let c(n) = 2*n + 4*n + 2*n**2 + 1 + 4 + 4*n. Calculate the remainder when m is divided by c(-5).
2
What is the remainder when ((-44)/6)/((-4)/18) is divided by ((-3534)/124)/(6/(-4))?
14
Let f(t) = 2*t**3 - 11*t**2 - 13*t - 41. What is the remainder when f(10) is divided by 12?
9
Let l be -2 + -1 + -8 + -15. Let w = l - -44. What is the remainder when w is divided by (-4)/(-8) - (-63)/6?
7
Let i(z) = 2*z**2 + 2*z. Suppose -2*q + 1 = -5*r - 0, 3*r - 1 = 2*q. Let y be i(q). What is the remainder when 8 is divided by (-3 + y)/((-3)/(-15))?
3
Let y = -3 + 9. Suppose 4*x - y = -3*q, -4*q + 2*x + 8 = -0*q. Suppose -36 = -q*d + 54. What is the remainder when d is divided by 12?
9
Let i(s) = -15*s - 22. Let g be 2/(-5) - -21*(-8)/30. Calculate the remainder when i(g) is divided by 23.
22
Suppose 0*k + 762 = 5*k + 4*c, 4*k - 4*c - 588 = 0. Suppose -12*n + 18 + k = 0. What is the remainder when 69 is divided by n?
13
Let u(q) = -q**3 + 5*q**2 + 13*q + 10. What is the remainder when 75 is divided by u(7)?
0
Calculate the remainder when ((3276/48)/(-13))/(1/(-28)) is divided by 10.
7
Let m(i) = -3*i + 3. Let j be m(-3). Suppose 2*y + y = -12, -2*c = y - j. Suppose 6*g = -g + 91. Calculate the remainder when g is divided by c.
5
Suppose 6*j + 2432 = 70*j. Calculate the remainder when j is divided by 4.
2
Calculate the remainder when (-100)/(-20) + (-1)/2*2 is divided by 3.
1
Let g(f) = f + 17. Let a(x) = x**3 + 15*x**2 - 101*x - 4. Calculate the remainder when a(-20) is divided by g(-7).
6
Suppose -4*t + 342 = 5*j - 7*j, 251 = 3*t + 4*j. Suppose -2*h + 20 = -81*z + 84*z, -5*z - 75 = -5*h. Calculate the remainder when t is divided by h.
7
Suppose -16*f = -4*f - 2580. Suppose 73 = 9*d - f. Let s(b) = -2*b**3 - 3*b**2 + 2*b - 3. What is the remainder when d is divided by s(-3)?
14
Let x(c) = c**3 - 12*c**2 + 30*c + 5. What is the remainder when 39 is divided by x(3)?
11
What is the remainder when (-56)/(-16)*(0 + 32/7) is divided by 4?
0
Let n be 591/12 + (0 - 2)/8. Suppose 4*w = 3*b + 47, 3*w - 5*b - n = -w. What is the remainder when 54 is divided by w?
10
Let w = -35 - -60. Suppose 4*v - 2*a - 58 = 0, -8*v + 6*v + 24 = 4*a. What is the remainder when w is divided by v?
11
Suppose -5*s - 6 + 69 = 2*k, 0 = -2*s - k + 26. Suppose 231 - 225 = f. Calculate the remainder when s is divided by f.
5
Let v = -1 - 0. Let y be -125*((-2)/1 - v). Let q = y - 80. What is the remainder when q is divided by 12?
9
Suppose -4*z = -24 - 8. Suppose -z = v - 15. Suppose -2*m = -f - m + v, 22 = 4*f - m. Calculate the remainder when 17 is divided by f.
2
Let j = -234 + 238. Let x(t) = 22*t**2 + 1. Let b be x(1). Suppose d = b - 8. What is the remainder when d is divided by j?
3
Suppose -2612 = -2*m - 2000. What is the remainder when m is divided by 74?
10
Let d be -1*(-2 - -6) - -2. What is the remainder when 22 is divided by (-11)/(33/78)*d/4?
9
Let a = -6 - 21. What is the remainder when 47 is divided by (-8)/(-2) - 6 - a?
22
Suppose -5*a + a = -332. What is the remainder when a is divided by (-1 + -7 + 7)*(-42)/1?
41
Suppose -5*y - 6 = -x - 3, -5*y = -5*x - 5. Let u(n) = -2*n. Let z(p) = 1. Let a(l) = x*z(l) - u(l). Calculate the remainder when a(7) is divided by 7.
5
Suppose 3*t + 50 = 5*t. Calculate the remainder when (0 - (-90)/2) + -14 + 12 + -6 is divided by t.
12
Calculate the remainder when 138 is divided by 301/21 - (-4)/(-12).
12
Let u(m) be the second derivative of m**3/3 + 33*m**2/2 + 7*m. Suppose p = -2*k - 3*k + 93, -5*k - 73 = -p. Calculate the remainder when p is divided by u(-8).
15
Suppose -b + 3 = 0, -2*u = 3*u - b - 52. Let s = 2 + 17. What is the remainder when s is divided by u?
8
Let c be -1 + 1 + 12/(-2). Let h(g) = -9*g